1aba41?
1aba57
In base 12, what is 4ba87 + 1960?
51827
In base 14, what is -16137d2 + 2?
-16137d0
In base 14, what is -703c + 376?
-6aa6
In base 6, what is -11311505 - -5?
-11311500
In base 3, what is 20202100222 - -201102?
20210002101
In base 9, what is -41 - -5602255?
5602214
In base 5, what is -10 - 4033434412?
-4033434422
In base 8, what is 66337 + -365?
65752
In base 5, what is 12203 - 14010?
-1302
In base 14, what is -26a88 - a6b?
-27715
In base 5, what is 241 - -10101423332?
10101424123
In base 15, what is -153 - 67bab?
-67d0e
In base 11, what is 1601427 - 2?
1601425
In base 11, what is -2855600 + 20?
-2855590
In base 10, what is -9150 + 34047?
24897
In base 6, what is 20 + -25044055?
-25044035
In base 13, what is -7218a + -57?
-72214
In base 8, what is 576 - -350454?
351252
In base 8, what is 0 - 367557267?
-367557267
In base 2, what is 1111111000010 - -10110101110?
10010101110000
In base 7, what is -424 + 3010443?
3010016
In base 6, what is -31553 - -1001554?
530001
In base 4, what is 1111001233231 + -12?
1111001233213
In base 8, what is 2561757 - 151?
2561606
In base 12, what is -423b02 - 311?
-424213
In base 3, what is -2201000022 + 12221110?
-2111001212
In base 12, what is 39011 - -17?
39028
In base 3, what is 1122 - 110201000220102?
-110201000211210
In base 3, what is 210022001001 + -2020?
210021221211
In base 12, what is 5 - 1855a2?
-185599
In base 2, what is 10111111000 - 101110001100010111?
-101101110100011111
In base 15, what is 5 - 8b693d?
-8b6938
In base 12, what is 0 + -9050576?
-9050576
In base 16, what is 306e9 + -1b4?
30535
In base 6, what is 4333432152 + -4?
4333432144
In base 12, what is -17 - -62b8641?
62b8626
In base 13, what is -10630 - -2084?
-b579
In base 4, what is -1113 - 230222233?
-230230012
In base 13, what is -2 + -1941865?
-1941867
In base 16, what is 4 - -82f1251?
82f1255
In base 12, what is 26292 + -227?
26067
In base 11, what is 4 - 31a8123?
-31a811a
In base 11, what is -29852460 - 4?
-29852464
In base 4, what is 203113102 - -112203?
203231311
In base 10, what is 210 - -372131?
372341
In base 11, what is 3a83 - 49911?
-45939
In base 6, what is 1440103131 + 5?
1440103140
In base 11, what is -43411 + 72?
-4334a
In base 14, what is 1c7db - -4166?
22963
In base 10, what is 0 - -5792338?
5792338
In base 5, what is 31111220332 - 1?
31111220331
In base 10, what is 4635396 - -150?
4635546
In base 12, what is -78 + a53084?
a53008
In base 10, what is -3107 - -8391?
5284
In base 10, what is -892804 + 2?
-892802
In base 8, what is -107330302 - 4?
-107330306
In base 11, what is -5 - 85381a62?
-85381a67
In base 14, what is -97a + -3c5?
-d61
In base 3, what is -102002002 - 110120?
-102112122
In base 16, what is -4 - 21bae66?
-21bae6a
In base 11, what is -1138500 + -15?
-1138515
In base 8, what is -154 - 11236067?
-11236243
In base 4, what is 0 - -12011030323?
12011030323
In base 5, what is 140114034 - -2413?
140122002
In base 13, what is -138814c6 - 2?
-138814c8
In base 13, what is 275141a + -1?
2751419
In base 8, what is 451477664 + -4?
451477660
In base 14, what is -10 + 1686?
1676
In base 6, what is 10 - 4334511?
-4334501
In base 8, what is -441334752 + -5?
-441334757
In base 13, what is -508 - -28a54?
28549
In base 16, what is 73e0d8 - -3?
73e0db
In base 12, what is -222 - -135b3?
13391
In base 3, what is 2 - -1111101201010002?
1111101201010011
In base 13, what is 298 - -2452?
271a
In base 14, what is 2b6c2c + -22d?
2b69dd
In base 4, what is 11 + -200101013313?
-200101013302
In base 8, what is 67150215 - 5?
67150210
In base 8, what is -41542122 - -17?
-41542103
In base 15, what is 9 + 10e263?
10e26c
In base 16, what is -439 + -12d3?
-170c
In base 16, what is 1 + -26f8d?
-26f8c
In base 10, what is 62585 - -196?
62781
In base 3, what is 2210212010 + -12211?
2210122022
In base 14, what is -4a70 - -10a?
-4964
In base 16, what is 2a8 + -27d7?
-252f
In base 15, what is -93 + -16ca6?
-16d49
In base 4, what is -11210232 + -132?
-11211030
In base 16, what is 1 - 8f3c?
-8f3b
In base 6, what is 5 - 433050120?
-433050111
In base 16, what is -50 + -2c0bd?
-2c10d
In base 7, what is -1322040221 + 5?
-1322040213
In base 5, what is 12 - 14243434024?
-14243434012
In base 2, what is 10000100110000101000100011 + 10?
10000100110000101000100101
In base 4, what is -331002201231 + -31?
-331002201322
In base 15, what is -28 - a9a974?
-a9a99c
In base 16, what is -2 + -11a961?
-11a963
In base 3, what is 102202011012 + -220110?
102201020202
In base 6, what is 4 - 20202012?
-20202004
In base 14, what is 2c9 - 131369?
-131080
In base 15, what is 89 - -1781a?
178a4
In base 6, what is -1244120433 - 0?
-1244120433
In base 12, what is -3107aa04 + -1?
-3107aa05
In base 8, what is -566634422 - 1?
-566634423
In base 6, what is -11314 + -1235530?
-1251244
In base 2, what is 11 - -11111011010111111101000100?
11111011010111111101000111
In base 3, what is 200221121121 + -12?
200221121102
In base 12, what is -88 + -52737?
-52803
In base 10, what is -62993708 + -1?
-62993709
In base 8, what is 1 + 4252076?
4252077
In base 2, what is 100010110111001111100 + -1?
100010110111001111011
In base 11, what is 7 - -2146231?
2146238
In base 13, what is -11b57a46 + -3?
-11b57a49
In base 10, what is 28944 + 6654?
35598
In base 10, what is -4 + -9871396?
-9871400
In base 5, what is 411 - 3320343?
-3314432
In base 15, what is -2d + 16437b?
16434d
In base 13, what is 1c + -1562682?
-1562663
In base 9, what is -1142055 + -11?
-1142066
In base 15, what is 3 + -3aa1c1?
-3aa1bd
In base 13, what is 7581 - -324?
78a5
In base 14, what is -29 + 35d4a?
35d21
In base 6, what is 1 + 5131014015?
5131014020
In base 4, what is 2200103 - -2103231?
10310000
In base 8, what is 217617 + 6450?
226267
In base 16, what is -5 - e8d33?
-e8d38
In base 8, what is 5163 + -111102?
-103717
In base 13, what is 1 - 37c91345?
-37c91344
In base 16, what is -1b5b8c + 8?
-1b5b84
In base 9, what is 13504 + -12046?
1447
In base 15, what is -b544 + -5c1e?
-12263
In base 13, what is -b80 + -2b6?
-1166
In base 6, what is 13455023 + 22100?
13521123
In base 10, what is -230631 + -101?
-230732
In base 7, what is -33533513330 - -4?
-33533513323
In base 2, what is 10111110110001110101011 + 100?
10111110110001110101111
In base 11, what is 5 + 84783?
84788
In base 13, what is -14 - -15440c8?
15440b4
In base 13, what is 5 + 608964?
608969
In base 14, what is -da0a13 + -11?
-da0a24
In base 2, what is 10001010 + -1010100111010001?
-1010100101000111
In base 3, what is 12110010 - 1012122?
11020111
In base 15, what is 11b6 - 2d14b?
-2be85
In base 9, what is -107534175 + 2?
-107534173
In base 7, what is -3 + -363606402?
-363606405
In base 4, what is -31010030 + -120102?
-31130132
In base 2, what is 1000111110 + -1010101111?
-1110001
In base 4, what is -1 - -31031232303101?
31031232303100
In base 4, what is 1132212231 - -211101?
1133023332
In base 16, what is -a - 132295?
-13229f
In base 6, what is -2 + -551335100?
-551335102
In base 4, what is 31300010323 - -30?
31300011013
In base 9, what is -204154 + 388?
-203655
In base 12, what is -3 + -826a320?
-826a323
In base 2, what is 1011001000010101101 - 111101?
1011001000001110000
In base 5, what is 14323 - 10143343?
-10124020
In base 10, what is -2 + 51083?
51081
In base 8, what is 13 - -151276502?
151276515
In base 11, what is -43492 + 822?
-42770
In base 6, what is -110401 + -25523?
-140324
In base 6, what is -31521 + 145420?
113455
In base 14, what is -448 + b483?
b039
In base 6, what is -22304 - 4502234?
-4524542
In base 15, what is -50a - a4c?
-1057
In base 10, what is 3441 - -238?
3679
In base 5, what is -2304342141210 + 10?
-2304342141200
In base 11, what is -85 - 1188?
-1262
In base 4, what is 110021000 + -20230?
110000110
In base 8, what is 16 + 10057153?
10057171
In base 14, what is -2a - 5411?
-543b
In base 14, what is -5ad6b95 - 3?
-5ad6b98
In base 2, what is -1 - 11001110000100111110010?
-11001110000100111110011
In base 9, what is 22482301 + -7?
22482283
In base 13, what is 4 + -2a65403?
-2a653cc
In base 8, what is -5775407340 - -2?
-5775407336
In base 5, what is 4 - -1221011200?
1221011204
In base 8, what is 2602043 - -223?
2602266
In base 4, what is 10012 + 20332203?
21002221
In base 8, what is 246111 + 30?
246141
In base 13, what is 12 - 136ac1?
-136aac
In 